 31874 (base 9) to base 3.
1001222111
What is 1413 (base 7) in base 16?
225
What is -1211121000 (base 3) in base 12?
-18b09
Convert -102000231 (base 4) to base 11.
-50477
What is 30 (base 10) in base 11?
28
-4730 (base 8) to base 10
-2520
30352 (base 6) to base 5
112103
What is -b0 (base 16) in base 9?
-215
-11011110111 (base 2) to base 11
-1381
What is 246640 (base 8) in base 3?
11100011021
-2aa3 (base 13) to base 9
-8467
What is 11001011001 (base 2) in base 14?
841
Convert 43626 (base 8) to base 12.
a732
What is -272 (base 12) in base 9?
-455
-10120 (base 15) to base 12
-25540
Convert -40752 (base 11) to base 13.
-210b6
25555 (base 12) to base 15
10132
-8398 (base 10) to base 13
-3a90
Convert 2471 (base 12) to base 3.
12122111
Convert 1425 (base 7) to base 12.
3a6
-254 (base 14) to base 15
-211
What is 10302333 (base 4) in base 2?
100110010111111
What is 1592 (base 12) in base 5?
40213
1335 (base 10) to base 8
2467
What is -8c60 (base 13) in base 4?
-10303202
What is 18879 (base 10) in base 11?
13203
Convert 8a7 (base 13) to base 3.
2001011
Convert 1102210122 (base 3) to base 11.
1a285
-3a65 (base 13) to base 14
-3096
Convert 18a65 (base 11) to base 7.
140315
530 (base 6) to base 14
102
-114422 (base 5) to base 2
-1000100001010
-6a2 (base 12) to base 14
-506
Convert -3887a (base 11) to base 9.
-84266
Convert -1010 (base 3) to base 7.
-42
What is -1204 (base 7) in base 8?
-675
What is 448 (base 9) in base 3?
111122
What is aec (base 15) in base 10?
2472
Convert -9028 (base 10) to base 8.
-21504
1010000010 (base 2) to base 3
212210
What is 10111101 (base 2) in base 10?
189
What is -12211210 (base 3) in base 11?
-3223
54272 (base 9) to base 7
206543
What is -210032 (base 5) in base 6?
-51524
What is -12201 (base 6) in base 14?
-929
3143 (base 6) to base 3
222100
Convert -232120 (base 5) to base 10.
-8410
1122121012 (base 3) to base 7
163535
What is -10112 (base 4) in base 9?
-338
What is -9955 (base 11) in base 15?
-3d53
What is 1313 (base 10) in base 4?
110201
Convert -107 (base 9) to base 10.
-88
Convert -21121210 (base 3) to base 5.
-134211
-5cd (base 14) to base 3
-1121000
-1444 (base 6) to base 3
-112101
What is -1303 (base 5) in base 9?
-245
-341141 (base 5) to base 2
-10111100001110
-30012310 (base 4) to base 11
-34290
31104 (base 5) to base 13
c01
What is 11325 (base 6) in base 15?
742
Convert -3074 (base 8) to base 16.
-63c
Convert -2656 (base 8) to base 7.
-4145
-53454 (base 7) to base 8
-31725
What is 14213 (base 10) in base 4?
3132011
What is 2533 (base 7) in base 2?
1110111011
Convert 792 (base 10) to base 5.
11132
Convert -a11 (base 11) to base 9.
-1607
What is 8a6 (base 13) in base 12?
a40
Convert 133332 (base 4) to base 13.
c15
What is 829 (base 12) in base 7?
3312
-1a798 (base 15) to base 14
-23537
1739 (base 13) to base 9
4628
-26561 (base 8) to base 5
-333013
What is 101100110 (base 2) in base 9?
437
Convert 5618 (base 15) to base 11.
1278a
Convert 1405 (base 6) to base 7.
1031
Convert -194 (base 12) to base 11.
-213
922 (base 12) to base 15
5d2
What is -10111110111100 (base 2) in base 3?
-121202121
517 (base 8) to base 16
14f
Convert -21102001 (base 3) to base 4.
-1110121
-3120 (base 6) to base 10
-696
74 (base 16) to base 5
431
Convert 5ca (base 14) to base 5.
14113
Convert 2321211 (base 4) to base 13.
5538
66 (base 12) to base 11
71
Convert 22221110 (base 3) to base 4.
1211313
Convert 19b (base 16) to base 5.
3121
What is 13230113 (base 4) in base 5?
2002021
Convert -100212222 (base 3) to base 7.
-30005
Convert 22122 (base 6) to base 13.
1526
985 (base 10) to base 3
1100111
Convert 10132013 (base 5) to base 11.
57713
Convert -1204 (base 15) to base 9.
-5224
a6c6 (base 15) to base 16
89d6
Convert -16075 (base 8) to base 2.
-1110000111101
What is -899 (base 13) in base 12?
-a32
What is 5378 (base 10) in base 8?
12402
-13312 (base 9) to base 2
-10001100101010
Convert 150 (base 14) to base 13.
176
127c (base 15) to base 9
5360
What is 19b7 (base 13) in base 7?
14164
8dc (base 15) to base 13
bb5
What is 8c86 (base 13) in base 9?
30034
Convert 33011 (base 6) to base 2.
1000110111111
What is 12162 (base 9) in base 12?
4878
Convert -966 (base 10) to base 8.
-1706
What is 110010 (base 2) in base 13?
3b
What is -120121101 (base 3) in base 4?
-2301301
Convert 1804 (base 10) to base 3.
2110211
What is 363 (base 9) in base 4?
10230
33210 (base 10) to base 8
100672
What is 90b (base 12) in base 4?
110123
What is -110000111101011 (base 2) in base 10?
-25067
What is 6fa (base 16) in base 6?
12134
-1213 (base 7) to base 12
-317
Convert 12611 (base 11) to base 2.
100011001111001
Convert -23302 (base 5) to base 14.
-898
Convert -61a (base 12) to base 14.
-474
4233 (base 9) to base 10
3108
Convert -137a (base 14) to base 15.
-1045
c0c (base 16) to base 12
1950
Convert 236d (base 16) to base 10.
9069
Convert 15305 (base 6) to base 14.
c9b
What is -21411 (base 6) in base 2?
-101110001111
What is 178b (base 13) in base 16?
da7
What is 2d8 (base 16) in base 3?
222222
What is -1126 (base 7) in base 5?
-3122
7074 (base 8) to base 15
112e
Convert -35c (base 15) to base 11.
-633
What is -161520 (base 7) in base 12?
-164b3
What is -7c4 (base 14) in base 11?
-1184
-1367 (base 12) to base 8
-4277
What is -101201002 (base 3) in base 13?
-3725
-3421 (base 5) to base 9
-600
-5a6 (base 11) to base 13
-436
What is 21012231 (base 4) in base 8?
110655
-3123312 (base 4) to base 3
-201022010
-41a (base 14) to base 2
-1100101000
What is 323 (base 11) in base 6?
1444
-100c3 (base 15) to base 7
-301062
-1011022 (base 3) to base 6
-3525
-280 (base 15) to base 7
-1443
What is -100130101 (base 4) in base 8?
-203421
-2111011 (base 4) to base 7
-36550
Convert -36c (base 14) to base 15.
-309
Convert -5150 (base 7) to base 11.
-1396
34181 (base 12) to base 9
115127
46265 (base 7) to base 2
10111000011111
-1101011 (base 3) to base 12
-6b7
-1569 (base 10) to base 13
-939
What is 298 (base 10) in base 16?
12a
What is 561 (base 12) in base 5?
11133
Convert -2533 (base 11) to base 3.
-11112100
Convert 174 (base 8) to base 2.
1111100
2b65 (base 16) to base 6
123233
-202022212 (base 3) to base 5
-433234
-2100201 (base 3) to base 14
-8ac
12330 (base 4) to base 14
23a
321 (base 4) to base 9
63
Convert -153 (base 7) to base 16.
-57
What is 20d6 (base 14) in base 5?
140201
Convert a2 (base 15) to base 4.
2120
-7bc (base 13) to base 15
-5e3
What is 1000222221 (base 3) in base 15?
60aa
-5111 (base 12) to base 7
-34435
What is -1deb (base 16) in base 5?
-221114
Convert 624 (base 11) to base 6.
3252
What is -4144 (base 9) in base 2?
-101111011101
-1a24 (base 11) to base 6
-15515
Convert -2110021 (base 3) to base 6.
-12141
What is 505353 (base 6) in base 10?
40101
-ab2 (base 12) to base 14
-806
3446 (base 10) to base 7
13022
13db (base 14) to base 6
24153
Convert -1747 (base 8) to base 3.
-1101000
1355 (base 7) to base 15
255
-3510 (base 9) to base 3
-10120100
Convert 14141 (base 6) to base 7.
6322
Convert -10 (base 9) to base 2.
-1001
1315 (base 6) to base 8
517
-2063 (base 8) to base 13
-649
What is 140 (base 11) in base 4?
2211
What is 3a0 (base 11) in base 12?
335
Convert -73 (base 13) to base 3.
-10111
What is -2840a (base 12) in base 13?
-1c588
What is -432140 (base 5) in base 13?
-68a6
-23b3 (base 13) to base 6
-35211
What is 221210 (base 3) in base 16?
2b8
Convert -15535 (base 8) to base 13.
-325b
What is 19a (base 16) in base 7?
1124
Convert 111100010 (base 2) to base 12.
342
What is 2290 (base 11) in base 16?
bbb
What is -111122 (base 3) in base 10?
-368
What is -47c (base 13) in base 7?
-2162
What is -2042201 (base 5) in base 8?
-102403
What is -20022 (base 4) in base 12?
-376
Convert b55 (base 13) to base 7.
5424
What is 23430 (base 8) in base 4?
2130120
Convert -1003203 (base 4) to base 12.
-2603
-1060 (base 7) to base 14
-1d7
-16705 (base 8) to base 15
-23d1
Convert -310204 (base 6) to base 4.
-12001330
What is -302 (base 16) in base 3?
-1001112
Convert 1728 (base 10) to base 14.
8b6
Convert 21526 (base 7) to base 2.
1010100100010
Convert 4270 (base 8) to base 5.
32412
Convert -1327 (base 11) to base 6.
-11551
105283 (base 9) to base 7
351321
Convert 275a (base 14) to base 15.
20ca
1001 (base 3) to base 2
11100
Convert -51bc (base 16) to base 13.
-96a7
What is 3585 (ba